te?
True
Let l be 25/(-1 - (-4)/2). Suppose -l = -3*k - 2*k. Let u(d) = -d**3 + 5*d**2 + 2*d + 5. Is u(k) a composite number?
True
Let s = -36299 - -53392. Is s a prime number?
True
Suppose -3*p - 6*p - 144 = 0. Let f(t) = -6*t - 70. Is f(p) a composite number?
True
Let a be 1/(2 + 13/(-7)) - 2. Is 1/(-10)*-2 - (-1504)/a prime?
False
Let s be -1*(2 - (546 + -2)). Let o = 199 - 225. Is (-4)/o + s/26 prime?
False
Suppose 1730 = 4*n - 746. Is n a composite number?
False
Is (87844/(-18))/((-144)/648) prime?
True
Is (-3)/12*(-35063 + -53) composite?
False
Let j(r) = r**3 + 7*r**2 - r - 2. Let i be j(-7). Is 1222*i/(-40)*-4 composite?
True
Suppose -3*l + 5*l = 32. Let w = 18 - l. Suppose 0*p + w*p - 55 = 5*k, 5*k = 4*p - 105. Is p prime?
False
Suppose -44*o + 48*o + 168 = 0. Let d = 137 - o. Is d prime?
True
Is 2056 + (0 - 0) - (-60)/(-20) prime?
True
Let h be 5/(-25) - (-4)/(-5). Let z be -1*(h - (-1 + 1)). Is (-668)/(-10) + z/5 composite?
False
Let m(y) = -y + 11. Let s be m(0). Let o = 12 - s. Is (-3)/(o*9/(-291)) prime?
True
Let x = 349249 + -202238. Is x composite?
False
Suppose -3*w - 659 = 49. Let l = -107 - w. Is l - (-8)/(-3 - -5) prime?
False
Let b(n) = -n**3 + 7*n**2 + 9*n + 2. Let g be b(8). Let i = g - 13. Let p = 161 + i. Is p a prime number?
False
Suppose w + 4 = -0. Is (-12)/(0 + w) + 874 a composite number?
False
Let r(t) = -122*t + 11. Is r(-13) composite?
False
Let p = -4 + 6. Let x = 8 - p. Suppose -5*a = -x*a + 79. Is a prime?
True
Suppose 988 = x + 4*k, 0 = 3*k - 7*k - 16. Suppose 3*d = -d. Suppose 0*n + 4*n - x = d. Is n prime?
True
Let r(v) = -v**2 - 6*v + 3. Suppose 3*m - 9 = -27. Let n be r(m). Let o(u) = 99*u - 4. Is o(n) prime?
True
Let k = -13 + 2. Is 1426/22 - 2/k composite?
True
Let c(w) = 957*w + 271. Is c(14) a prime number?
True
Let d(z) = z**3 - z**2 + 2*z + 191. Is d(0) composite?
False
Suppose 6 = -5*c - c. Is 1/(((-11)/(-3883))/(c + 2)) a composite number?
False
Suppose 4*s - 1434 = -5*o, -5*s = -7*s + 5*o + 732. Suppose -4*p + 1777 - 4775 = -3*l, 5*p = -3*l + 3016. Let w = l - s. Is w a composite number?
False
Suppose -5*i + 541 = 4*v, -v - i = -68 - 68. Let b = -7 - 5. Let c = b + v. Is c a composite number?
False
Let b(k) = k**3 + 11*k**2 - 10*k - 5. Suppose 15 = 2*o + o. Suppose -c - o - 4 = 0. Is b(c) prime?
False
Suppose 0 = -4*s + s + 15. Suppose -15 = s*g, 7*g - 2*g + 323 = u. Is (-5)/((-20)/u) - -2 prime?
True
Let v = 26985 - -21296. Is v prime?
True
Let s be -4 + (10 - 2) - -44. Let q be 122/(-8) - (-12)/s. Is 8/10 + (-2073)/q prime?
True
Let u(o) = 110*o**2 - o. Let f be u(-2). Suppose -2*x + 74 = w - f, w = x - 255. Is x prime?
True
Let z(h) = h**3 - 15*h**2 + 21*h + 39. Is z(20) a composite number?
False
Suppose 8 + 2 = -3*c + 2*u, 4*u = 2*c + 20. Suppose 8*l - 4*l = 5*g - 5767, -3*l - 9 = c. Is g composite?
False
Let p = 64 - 41. Let u = p - 20. Suppose 283 = 3*w - 4*o, -2*w + 279 = w - u*o. Is w a prime number?
True
Let q be (124/12 - 3)*3. Let s = 22 - q. Suppose -i + 43 = -s*i. Is i a prime number?
True
Suppose 24602 + 128 = 10*n. Is n composite?
False
Suppose 4*z = 259 + 105. Suppose t + 0*g - z = 3*g, 0 = 4*g - 16. Is t prime?
True
Suppose -8*y - 1960 = -3*y. Let x = -98 - 133. Let p = x - y. Is p a prime number?
False
Let n = 13 - -7. Suppose m - 5*y = -m + 101, -4*y = -n. Let b = -16 + m. Is b a prime number?
True
Let g(s) = -3*s**3 - 4*s**2 + 55*s - 47. Is g(-15) prime?
True
Let g be -10 + -1*9/3. Let j = -8 - g. Suppose -j*k = -572 + 187. Is k a composite number?
True
Is 1018/(-6)*(-108)/(-48)*-4 composite?
True
Let f(g) = g**2 - 10*g - 9. Suppose -2*s + 3*s - 12 = 2*j, -24 = 4*j - 4*s. Is f(j) a prime number?
False
Let d(p) = 10*p**2 + 6*p + 1. Let c(y) = 9*y**2 + 5*y + 1. Let x(r) = -7*c(r) + 6*d(r). Let q be x(-2). Is (-3)/(-2)*(-3370)/q a prime number?
True
Suppose -g = 4, a - 5272 = -3*a - g. Is a a prime number?
True
Suppose 41917 = -6*o + 114235. Is o composite?
True
Suppose -18*b + 14*b + 4 = 0. Is 694/((1 - 0)*b/1) prime?
False
Let y = 13222 + -6765. Is y a prime number?
False
Let v(o) = 18*o - 11. Let n be (-5)/((-4)/20 - (-8)/(-10)). Is v(n) composite?
False
Let w(p) = -118*p - 27. Is w(-8) prime?
False
Let q(k) = 511*k + 2. Let a be q(1). Let o = -262 + a. Is o a prime number?
True
Let a(i) = i**3 + 15*i**2 + 6*i + 20. Let w be a(-8). Suppose 0 = 3*n - w - 15. Is n prime?
False
Suppose -134 = -8*o - 46. Suppose 6*x = o*x - 2935. Is x composite?
False
Let j = 3 + 2. Suppose j*i - 216 = 2*i. Is ((-3048)/i)/(1/(-3)) prime?
True
Suppose 0 = 3*t - 19346 - 3817. Suppose 5*i - 7876 = -4*z, -i - t - 155 = -4*z. Is z composite?
True
Suppose 5*w - 9 - 36 = 0. Suppose 0*x - 5 = 3*n - x, -5*x = 2*n + w. Is 88 - n - (3 - 4) a composite number?
True
Suppose 3*g - 91 - 28 = -4*c, -5*c = g - 25. Let u = g - -118. Is u a prime number?
True
Suppose -3084513 = -66*a - 1085439. Is a a prime number?
False
Suppose 612 = 6*o - 906. Is o prime?
False
Suppose 2*f + 53091 = 5*z - 3762, -3*z + 34115 = -2*f. Is z a composite number?
False
Let f = 2783 - -4496. Is f a prime number?
False
Let t(d) = -35*d + 26. Let n(o) = o**2 + 12*o - 3. Let g be n(-12). Is t(g) a composite number?
False
Suppose 2*g - 566 = -4*k, -k - 258 = -g + 2*k. Suppose 0 = -0*y - 2*y + 5*l - g, 3*y - 4*l = -392. Let r = 3 - y. Is r a composite number?
False
Let v(y) = -y**3 - 10*y**2 + 11*y + 15. Suppose 7 + 23 = -g - 4*z, -3*g - 3*z - 45 = 0. Let b be v(g). Let j = 282 + b. Is j prime?
False
Let l(j) = -486*j - 5. Let q = -4 + 2. Is l(q) composite?
False
Let l(s) = 5*s**3 - 2*s**2 + 2*s - 1. Let k be l(1). Suppose 2*y + k = 0, -o - 42 = 3*o + 5*y. Let w = o + 11. Is w composite?
False
Let j be (-4)/(96/4) + 33575/(-6). Is ((-25)/50)/(((-6)/j)/(-3)) a composite number?
False
Let h(q) be the third derivative of 41*q**4/8 - 11*q**3/6 + 2*q**2. Is h(4) prime?
False
Let v(g) = -252*g + 25. Is v(-6) a composite number?
True
Suppose -i + 109 = 16. Suppose 2*d = 3*m - 8*m + i, 2*d = -m + 73. Suppose -3*s = d - 133. Is s prime?
False
Let f = -6424 + 12773. Is f composite?
True
Suppose -3*r + 2*u = -627, 0 = -r - 5*u + 108 + 118. Is r composite?
False
Let h(l) = l + 8. Let g = -7 + 3. Let a be h(g). Suppose a*r = -4*n + 160, -2*r = 5*n + 2*r - 195. Is n a prime number?
False
Let o = 3790 + -2120. Let t = o - 927. Is t a composite number?
False
Let x = 691 + 34. Suppose 0 = 3*n - 6, 5*p + 5*n = 970 + x. Is p a composite number?
False
Suppose 4*s + 622 - 2710 = 0. Suppose 2*x + 5*p = 1046, 0*x + x + 3*p = s. Suppose 4*v = 2*g - 366, v = -3*g - 0*v + x. Is g composite?
True
Suppose -5*j - 2*h = -3*h - 3537, -j + 697 = 5*h. Let o = 1193 - j. Suppose -3*d = 3*v - 474, v + o = d + 2*d. Is d prime?
False
Let w be (-2 - (-8)/6)/(5/27165). Let b = -1791 - w. Is b prime?
True
Let y = -17 + 17. Suppose y = -t + 76 + 37. Is t prime?
True
Let u = 2971 - 4467. Is 87/4*u/(-66) composite?
True
Let c(n) = -361*n + 20. Is c(-27) a composite number?
False
Let w = 3821 - 2562. Is w composite?
False
Suppose 3*r - 4*h - 9 = 0, 4*r - 4*h - 15 = -r. Suppose -4*z - 2*p = -2*z - 1818, r*z = 4*p + 2720. Suppose -6*a + z = -238. Is a a composite number?
False
Let x = 5 + 106. Suppose -23*b = -20*b - x. Is b prime?
True
Let g be (-86 - 1)/1*(-2 + 5). Let n = 536 - g. Is n prime?
True
Let t(h) = -11*h**3 - h**2 - h - 1. Let c be (2/3)/((-5)/(-15)). Let n(o) = -o**3 - 1. Let g(v) = c*n(v) - t(v). Is g(1) a composite number?
True
Let j(i) = i**2 + 3*i - 9. Let y be j(10). Let p = -31 - y. Let h = p + 279. Is h a composite number?
False
Suppose 8 = 4*t - 4*s, 3*s = -6*t + t + 18. Suppose 0*y = 3*y - w - 937, -921 = -3*y - t*w. Suppose 2*p - 262 = 5*j + 399, -p - 4*j = -y. Is p a prime number?
False
Is 28452/32 - (-3)/(-24) composite?
True
Let t(y) = -12*y**3 - 13*y**2 - 21*y - 22. Let z be t(-10). Suppose z = 9*b - b. Is b composite?
False
Suppose 0 = -a + 5*o + 6492, -5*a - 4*o + 32433 = -2*o. Is a composite?
True
Let t be (-16)/(-6)*(-12)/56*-7. Suppose 0 = 2*u - 2*k - 694, u - k = -t*u + 1735. Is u composite?
False
Suppose 5*s - 2164 = 2271. Is s prime?
True
Suppose -3*l - 5*q = -154888, 4*q + 206528 = 5*l - l. Is l composite?
False
Let u = 1950 - 1155. Suppose 2*s = 4*d + 554, 2*d + u = 3*s + 5*d. Suppose -l = -4*t + 257, -7*t - 3*l = -3*t - s. Is t a composite numb